{"id":38,"date":"2012-10-05T23:18:29","date_gmt":"2012-10-05T23:18:29","guid":{"rendered":"https:\/\/blog.klicklack.de\/?page_id=38"},"modified":"2026-03-03T23:49:22","modified_gmt":"2026-03-03T21:49:22","slug":"stammtischmeinung","status":"publish","type":"page","link":"https:\/\/www.klicklack.de\/?page_id=38","title":{"rendered":"Stammtischmeinung"},"content":{"rendered":"<p><strong>Allgemeines<\/strong><\/p>\n<p>Nimm nichts aus dem Versandhaus. Amazon und die Elektronikm\u00e4rkte sind nicht billiger als der Fachhandel, aber wesentlich zeitaufwendiger bei schlechterer Beratungsqualit\u00e4t. Nimm das Ger\u00e4t, das du kaufen willst, in die Hand. Klein ist nicht immer gleich handlich!<br \/>\nMeide Billigger\u00e4t mit eingebautem Blitz, wenn du Material brauchst, das verwertet werden soll. Mit Gimp oder Photoshop kann man nur die Information nacharbeiten, die da ist! Der Rechner ist kein Allheimittel gegen schlechte Aufnahmen. Unterbelichtet bleibt unterbelichtet! Unscharf bleibt unscharf! Die Effektfilter sind nicht f\u00fcr diesen Zweck gemacht.<br \/>\nMeide neu und zweite Wahl, wenn das Geld nicht reicht. Mit einer alten Nikon FM und einem Flachbettscanner ist man besser bedient als mit einer billigen All-In-One-Kamera-Superduper-Digi mit Motivpiepser!<br \/>\nSchnelligkeit ist keine Frage des Autofokus, sondern der Vorahnung, in Fachkreisen auch Pr\u00e4visualisierung oder schlicht der entscheidende Augenblick genannt. Der Autofokus ist kein Heilmittel gegen schlechte Fotos, sondern ein Werkzeug, das die Arbeit unterst\u00fctzen soll!<br \/>\nWarte nicht auf die n\u00e4chste Produktneuheit. Die Technik wird nur noch graduell besser werden. Wenn du immer nur wartest, wirst Du in deinem Leben keine Bilder mehr machen! Gib lieber etwas mehr Geld aus. Das rechnet sich insofern, als dass man nicht zweimal im Jahr zum H\u00e4ndler rennt, um etwas Neues zu kaufen. Tust du das nicht, kostet es am Ende eher das Zehnfache!<\/p>\n<p>Schlie\u00dfe beide Ohren, wenn der Verk\u00e4ufer versucht, dir ein Modell einer unbekannten Marke anzudrehen. Es ist der aktuelle Ladenh\u00fcter, den kompetente Leute nicht wollen. Gleiches git f\u00fcr Argumente wie dem &#8222;besten Sensor&#8220;, &#8222;nur Heute noch&#8220; oder &#8222;das nehmen nur Ahnungslose&#8220;. Der Ahnungslose ist meistens eher der Verk\u00e4ufer.<\/p>\n<p>Innovation ist beim Kamerakauf sowenig das A und O wie es die Arbeitsgeschwindigkeit ist. Viele Bilder zu machen, hei\u00dft zuerst mal, viel Ausschuss zu produzieren.<\/p>\n<p>Die Zeiten haben sich in der Digitalfotografie ge\u00e4ndert: Mittlerweile kann man eine etwas \u00e4ltere Digitale im Kleinbildformat in Gebraucht ab etwa 300 Euros haben. Bei mir taten zwei bis vor ein paar Jahren zwei D600 von Nikon brav ihren Dienst. St\u00fcckpreis 430 Euros. Gebraucht nat\u00fcrlich. Mittlerweile habe ich als Notizblock eine Canon Eos 7D Mark II, weil ihre Objektive auch auf meine Videokamera passen. Aber ihre 10 Jahre hatte sie bei Kauf auch schon. Auch mit derartiger Ausr\u00fcstung kann man \u00fcbrigens exzellent fotografieren.<\/p>\n<p>Nehmen Sie lichtstarke Objektive: je kleiner die Blendenzahl, desto besser. Mindestens 2.8 ist gut und auch bei Zoomobjektiven machbar!<br \/>\nWenn das Geld nicht f\u00fcr die komplette geplante Ausr\u00fcstung reicht, kaufe keine Billigobjektive sondern nimm vorerst nur eine, daf\u00fcr aber gute und eingerma\u00dfen lichtstarke Linse mit, n\u00e4mlich die im Normalbereich! Langfristig kann man so schnell ein paar Euro sparen, die sp\u00e4ter in besseres Glas aus zweiter Hand angelegt werden k\u00f6nnen.<\/p>\n<p>Denke daran: Es ist nicht wichtig, dass der Nachbar die Kamera toll findet. Du musst damit arbeiten, nicht er!<br \/>\nWenn du eine Kamera gekauft hast, spiele damit. Es ist eine gute \u00dcbung, f\u00fcr die oft notwendige Schnelligkeit, um klarzukommen.<br \/>\nNimm das Ding notfalls mit ins Bett. Streichle deine Neuerwerbung wie Deine\/n Lebenspartner\/in, \u00fcbertreibe das aber nicht. Schatzi hat Vorrang!<br \/>\nSpiele an s\u00e4mtlichen Kn\u00f6pfen der Neuerwerbung herum, bis du im Schlaf wei\u00dft, was passiert, wenn du das eine oder andere Hebelchen bedienst. Nicht ist peinlicher, als viel Tamtam und hinterher nicht k\u00f6nnen, weil nicht gewu\u00dft wie! Besonders bei einigen modernen Profi- Ger\u00e4ten kann es passieren, dass man auf einmal f\u00fcnf Kn\u00f6pfchen und Hebelchen gleichzeitig umlegen muss, wenn die Kamera etwas bestimmtes tun soll (Das geht sogar und man kann dabei auch noch fotografieren).<\/p>\n<p><strong>Was sonst noch zu beachten ist<\/strong><\/p>\n<p>Du hast ge\u00fcbt, wie du die Neuerwerbung bedienen musst? Du bist mit den Ergebnissen in technischer Hinsicht zufrieden? Sch\u00f6n.<br \/>\nDas ist immerhin schon etwas, reicht aber f\u00fcr richtig gute Ergebnisse nicht aus.<br \/>\nNimm den ganzen Zinnober, den du fotografiert hast und lege diesen mindestens zwei bis drei Wochen in eine dunkle Ecke im Haus(analog) oder auf dem Computer. Dann wird sortiert: Gut, weniger gut, schlecht. Die guten Bilder wandern nochmal in dieselbe Ecke. Die weniger guten und die schlechten Bilder gehen in die graue Ablage, die von den in Orange gekleideten Mitmenschen regelm\u00e4\u00dfig abgeholt wird. Diesmal f\u00fcr nicht mehr als 14 Tage. Dann wieder sortieren. Wenn dann aus einem Hunderterkit noch mehr als zwei bis drei Bildchen \u00fcrigbleiben, bist du entweder zu selbstverliebt oder exzellent in Sachen Fotografie. Im Regelfall wirst nie mehr als zwei bis drei wirklich gute Bilder finden. Ich meine das nicht in technischer Hinsicht (Belichtung, Sch\u00e4rfe und sowas!) und auch nicht in im Hinblick auf Erinnerungsbildchen. Das ist eine andere Sache. Von 100 Aufnahmen bleibt selten mehr als genau diese Anzahl. Bei gr\u00f6\u00dferen Negativformaten(analog) sollte die Quote mit der Negativgr\u00f6\u00dfe ansteigend etwa zwei- bis zwanzigmal so hoch sein, schon, weil man eher mal dar\u00fcber nachdenkt, ob man das aaaasig schwere Ding wirklich aus der Bereitschaftsverhinderungstasche buddeln will&#8230;<\/p>\n<p><strong>Weiteres:<\/strong><br \/>\nR\u00fccke dem Vis &#8218;a vis auf die Pelle, wenn m\u00f6glich. Je n\u00e4her desto besser. Wichtig: Es gibt keinen Motivtamagotchi, der warnt, wenn es etwas zu fotografieren gibt.<br \/>\nWechsle das Labor, wenn sich auch der geringste Farbstich in die Abz\u00fcge einschleicht. Gr\u00fcn ist eine eklige Farbe, wenn das Labor nicht reell printet. Kaufe keine Billigabz\u00fcge, wenn die Qualit\u00e4t nicht in Ordnung ist.<\/p>\n<p><strong>Wenn Sie analog fotografieren:<\/strong><\/p>\n<p>Wenn die Kohle reicht, nimm einen hochwertigen Diascanner und fotografiere auf Diafilm. Du vermeidest eine m\u00f6gliche Fehlerquelle. Auch hier gilt: Billig ist nicht gut. Kaufe Diafilme nie inklusive Entwicklung, es sei denn, irgendwer hat da f\u00fcr lau einen Gutschein drangeklebt, den man ja auch wegschmeissen kann. Kaufe nur Filme einer Marke. Bring das Material immer in dasselbe hoffentlich verl\u00e4\u00dfliche Labor, das hoffentlich das eigene ist, um \u00c4rger zu vermeiden. Lagere Deine Filme im K\u00fchlschrank!<br \/>\nUnd, ganz wichtig:<\/p>\n<p><strong><em>&#8222;Nimm den Deckel vom Objektiv, wenn du fotografierst, piss nicht in schmutzige Toiletten und benutze\u00a0 die Zeitung nur zum Lesen!&#8220;<\/em><\/strong><\/p>\n<p>(frei nach Robert Capa)<\/p>\n","protected":false},"excerpt":{"rendered":"<p>Allgemeines Nimm nichts aus dem Versandhaus. Amazon und die Elektronikm\u00e4rkte sind nicht billiger als der Fachhandel, aber wesentlich<\/p>\n","protected":false},"author":1,"featured_media":0,"parent":0,"menu_order":0,"comment_status":"open","ping_status":"open","template":"","meta":{"footnotes":""},"class_list":["post-38","page","type-page","status-publish","hentry"],"_links":{"self":[{"href":"https:\/\/www.klicklack.de\/index.php?rest_route=\/wp\/v2\/pages\/38","targetHints":{"allow":["GET"]}}],"collection":[{"href":"https:\/\/www.klicklack.de\/index.php?rest_route=\/wp\/v2\/pages"}],"about":[{"href":"https:\/\/www.klicklack.de\/index.php?rest_route=\/wp\/v2\/types\/page"}],"author":[{"embeddable":true,"href":"https:\/\/www.klicklack.de\/index.php?rest_route=\/wp\/v2\/users\/1"}],"replies":[{"embeddable":true,"href":"https:\/\/www.klicklack.de\/index.php?rest_route=%2Fwp%2Fv2%2Fcomments&post=38"}],"version-history":[{"count":11,"href":"https:\/\/www.klicklack.de\/index.php?rest_route=\/wp\/v2\/pages\/38\/revisions"}],"predecessor-version":[{"id":4410,"href":"https:\/\/www.klicklack.de\/index.php?rest_route=\/wp\/v2\/pages\/38\/revisions\/4410"}],"wp:attachment":[{"href":"https:\/\/www.klicklack.de\/index.php?rest_route=%2Fwp%2Fv2%2Fmedia&parent=38"}],"curies":[{"name":"wp","href":"https:\/\/api.w.org\/{rel}","templated":true}]}}